{"id":32,"date":"2020-04-24T11:33:00","date_gmt":"2020-04-24T11:33:00","guid":{"rendered":"http:\/\/cospicuaparish.wpengine.com\/?page_id=32"},"modified":"2020-09-28T16:22:49","modified_gmt":"2020-09-28T15:22:49","slug":"kuntatt","status":"publish","type":"page","link":"https:\/\/www.cospicuaparish.org.mt\/?page_id=32","title":{"rendered":"Kuntatt"},"content":{"rendered":"\n<p><strong>Uffi\u010b\u010bju Parrokjali<\/strong><br>Triq il-Gendus<br>Bormla<br>Malta<\/p>\n\n\n\n<p><br><strong>Imejl<\/strong> parrocca.bormla@maltadiocese.org<br><strong>Tel <\/strong>+356 21828413<br><strong>Mobile:<\/strong> 79828413<\/p>\n\n\n\n<p>\u0126inijiet ta&#8217; l-Uffi\u010b\u010bju<\/p>\n\n\n\n<p>It-Tlieta: Mill-10.30 am sal-11.30 am<br>Il-\u0126amis: Mill-5.30 pm sas-7.00 pm<\/p>\n","protected":false},"excerpt":{"rendered":"<p>Uffi\u010b\u010bju ParrokjaliTriq il-GendusBormlaMalta Imejl parrocca.bormla@maltadiocese.orgTel +356 21828413Mobile: 79828413 \u0126inijiet ta&#8217; l-Uffi\u010b\u010bju It-Tlieta: Mill-10.30 am sal-11.30 amIl-\u0126amis: Mill-5.30 pm sas-7.00 pm<\/p>\n","protected":false},"author":4242,"featured_media":0,"parent":0,"menu_order":0,"comment_status":"closed","ping_status":"closed","template":"","meta":[],"_links":{"self":[{"href":"https:\/\/www.cospicuaparish.org.mt\/index.php?rest_route=\/wp\/v2\/pages\/32"}],"collection":[{"href":"https:\/\/www.cospicuaparish.org.mt\/index.php?rest_route=\/wp\/v2\/pages"}],"about":[{"href":"https:\/\/www.cospicuaparish.org.mt\/index.php?rest_route=\/wp\/v2\/types\/page"}],"author":[{"embeddable":true,"href":"https:\/\/www.cospicuaparish.org.mt\/index.php?rest_route=\/wp\/v2\/users\/4242"}],"replies":[{"embeddable":true,"href":"https:\/\/www.cospicuaparish.org.mt\/index.php?rest_route=%2Fwp%2Fv2%2Fcomments&post=32"}],"version-history":[{"count":0,"href":"https:\/\/www.cospicuaparish.org.mt\/index.php?rest_route=\/wp\/v2\/pages\/32\/revisions"}],"wp:attachment":[{"href":"https:\/\/www.cospicuaparish.org.mt\/index.php?rest_route=%2Fwp%2Fv2%2Fmedia&parent=32"}],"curies":[{"name":"wp","href":"https:\/\/api.w.org\/{rel}","templated":true}]}}